[INFO] cloning repository https://github.com/yvan-sraka/base64decode
[INFO] running `Command { std: "git" "-c" "credential.helper=" "-c" "credential.helper=/workspace/cargo-home/bin/git-credential-null" "clone" "--bare" "https://github.com/yvan-sraka/base64decode" "/workspace/cache/git-repos/https%3A%2F%2Fgithub.com%2Fyvan-sraka%2Fbase64decode", kill_on_drop: false }`
[INFO] [stderr] Cloning into bare repository '/workspace/cache/git-repos/https%3A%2F%2Fgithub.com%2Fyvan-sraka%2Fbase64decode'...
[INFO] running `Command { std: "git" "rev-parse" "HEAD", kill_on_drop: false }`
[INFO] [stdout] 488b4395eccdf399d41b1ede9d5e33207c404882
[INFO] checking yvan-sraka/base64decode against master#af3c6e733a40e671550e0f0f5aeecaa13772ba56 for pr-74989
[INFO] running `Command { std: "git" "clone" "/workspace/cache/git-repos/https%3A%2F%2Fgithub.com%2Fyvan-sraka%2Fbase64decode" "/workspace/builds/worker-3/source", kill_on_drop: false }`
[INFO] [stderr] Cloning into '/workspace/builds/worker-3/source'...
[INFO] [stderr] done.
[INFO] validating manifest of git repo https://github.com/yvan-sraka/base64decode on toolchain af3c6e733a40e671550e0f0f5aeecaa13772ba56
[INFO] running `Command { std: "/workspace/cargo-home/bin/cargo" "+af3c6e733a40e671550e0f0f5aeecaa13772ba56" "read-manifest" "--manifest-path" "Cargo.toml", kill_on_drop: false }`
[INFO] started tweaking git repo https://github.com/yvan-sraka/base64decode
[INFO] finished tweaking git repo https://github.com/yvan-sraka/base64decode
[INFO] tweaked toml for git repo https://github.com/yvan-sraka/base64decode written to /workspace/builds/worker-3/source/Cargo.toml
[INFO] crate git repo https://github.com/yvan-sraka/base64decode already has a lockfile, it will not be regenerated
[INFO] running `Command { std: "/workspace/cargo-home/bin/cargo" "+af3c6e733a40e671550e0f0f5aeecaa13772ba56" "fetch" "--locked" "--manifest-path" "Cargo.toml", kill_on_drop: false }`
[INFO] running `Command { std: "docker" "create" "-v" "/var/lib/crater-agent-workspace/builds/worker-3/target:/opt/rustwide/target:rw,Z" "-v" "/var/lib/crater-agent-workspace/builds/worker-3/source:/opt/rustwide/workdir:ro,Z" "-v" "/var/lib/crater-agent-workspace/cargo-home:/opt/rustwide/cargo-home:ro,Z" "-v" "/var/lib/crater-agent-workspace/rustup-home:/opt/rustwide/rustup-home:ro,Z" "-e" "SOURCE_DIR=/opt/rustwide/workdir" "-e" "CARGO_TARGET_DIR=/opt/rustwide/target" "-e" "CARGO_HOME=/opt/rustwide/cargo-home" "-e" "RUSTUP_HOME=/opt/rustwide/rustup-home" "-w" "/opt/rustwide/workdir" "-m" "1610612736" "--user" "0:0" "--network" "none" "rustops/crates-build-env@sha256:d92eaeed33fa75130ca1ee6c8a01d1ffb62bac859dfdfb3450e3e5d1c0146529" "/opt/rustwide/cargo-home/bin/cargo" "+af3c6e733a40e671550e0f0f5aeecaa13772ba56" "metadata" "--no-deps" "--format-version=1", kill_on_drop: false }`
[INFO] [stdout] 6a3b4103fd7101b394982c2dcb1c7e1e1acf1d47471343f5232a650633a3c867
[INFO] [stderr] WARNING: Your kernel does not support swap limit capabilities or the cgroup is not mounted. Memory limited without swap.
[INFO] running `Command { std: "docker" "start" "-a" "6a3b4103fd7101b394982c2dcb1c7e1e1acf1d47471343f5232a650633a3c867", kill_on_drop: false }`
[INFO] running `Command { std: "docker" "inspect" "6a3b4103fd7101b394982c2dcb1c7e1e1acf1d47471343f5232a650633a3c867", kill_on_drop: false }`
[INFO] running `Command { std: "docker" "rm" "-f" "6a3b4103fd7101b394982c2dcb1c7e1e1acf1d47471343f5232a650633a3c867", kill_on_drop: false }`
[INFO] [stdout] 6a3b4103fd7101b394982c2dcb1c7e1e1acf1d47471343f5232a650633a3c867
[INFO] running `Command { std: "docker" "create" "-v" "/var/lib/crater-agent-workspace/builds/worker-3/target:/opt/rustwide/target:rw,Z" "-v" "/var/lib/crater-agent-workspace/builds/worker-3/source:/opt/rustwide/workdir:ro,Z" "-v" "/var/lib/crater-agent-workspace/cargo-home:/opt/rustwide/cargo-home:ro,Z" "-v" "/var/lib/crater-agent-workspace/rustup-home:/opt/rustwide/rustup-home:ro,Z" "-e" "SOURCE_DIR=/opt/rustwide/workdir" "-e" "CARGO_TARGET_DIR=/opt/rustwide/target" "-e" "CARGO_INCREMENTAL=0" "-e" "RUST_BACKTRACE=full" "-e" "RUSTFLAGS=--cap-lints=forbid" "-e" "CARGO_HOME=/opt/rustwide/cargo-home" "-e" "RUSTUP_HOME=/opt/rustwide/rustup-home" "-w" "/opt/rustwide/workdir" "-m" "1610612736" "--user" "0:0" "--network" "none" "rustops/crates-build-env@sha256:d92eaeed33fa75130ca1ee6c8a01d1ffb62bac859dfdfb3450e3e5d1c0146529" "/opt/rustwide/cargo-home/bin/cargo" "+af3c6e733a40e671550e0f0f5aeecaa13772ba56" "check" "--frozen" "--all" "--all-targets" "--message-format=json", kill_on_drop: false }`
[INFO] [stdout] dcaf434888185bc49aeb1589e2c8fbbd94d1b40233c8e3b4ef552dcdf4b06fa1
[INFO] [stderr] WARNING: Your kernel does not support swap limit capabilities or the cgroup is not mounted. Memory limited without swap.
[INFO] running `Command { std: "docker" "start" "-a" "dcaf434888185bc49aeb1589e2c8fbbd94d1b40233c8e3b4ef552dcdf4b06fa1", kill_on_drop: false }`
[INFO] [stderr]     Checking base64decode v0.1.0 (/opt/rustwide/workdir)
[INFO] [stdout] error[E0004]: non-exhaustive patterns: `'\u{0}'..='*'`, `','..='.'`, `':'..='@'` and 3 more not covered
[INFO] [stdout]   --> src/main.rs:12:33
[INFO] [stdout]    |
[INFO] [stdout] 12 |             let convert = match ch {
[INFO] [stdout]    |                                 ^^ patterns `'\u{0}'..='*'`, `','..='.'`, `':'..='@'` and 3 more not covered
[INFO] [stdout]    |
[INFO] [stdout]    = help: ensure that all possible cases are being handled, possibly by adding wildcards or more match arms
[INFO] [stdout]    = note: the matched value is of type `char`
[INFO] [stdout] 
[INFO] [stdout] 
[INFO] [stdout] error[E0596]: cannot borrow `input` as mutable, as it is not declared as mutable
[INFO] [stdout]   --> src/main.rs:37:32
[INFO] [stdout]    |
[INFO] [stdout] 36 |     let input = String::new();
[INFO] [stdout]    |         ----- help: consider changing this to be mutable: `mut input`
[INFO] [stdout] 37 |     std::io::stdin().read_line(&mut input).unwrap();
[INFO] [stdout]    |                                ^^^^^^^^^^ cannot borrow as mutable
[INFO] [stdout] 
[INFO] [stdout] 
[INFO] [stdout] error: aborting due to 2 previous errors
[INFO] [stdout] 
[INFO] [stdout] 
[INFO] [stdout] Some errors have detailed explanations: E0004, E0596.
[INFO] [stdout] 
[INFO] [stdout] For more information about an error, try `rustc --explain E0004`.
[INFO] [stdout] 
[INFO] [stdout] error[E0004]: non-exhaustive patterns: `'\u{0}'..='*'`, `','..='.'`, `':'..='@'` and 3 more not covered
[INFO] [stdout]   --> src/main.rs:12:33
[INFO] [stdout]    |
[INFO] [stdout] 12 |             let convert = match ch {
[INFO] [stdout]    |                                 ^^ patterns `'\u{0}'..='*'`, `','..='.'`, `':'..='@'` and 3 more not covered
[INFO] [stdout]    |
[INFO] [stdout]    = help: ensure that all possible cases are being handled, possibly by adding wildcards or more match arms
[INFO] [stdout]    = note: the matched value is of type `char`
[INFO] [stdout] 
[INFO] [stdout] 
[INFO] [stderr] error: could not compile `base64decode`.
[INFO] [stderr] 
[INFO] [stderr] To learn more, run the command again with --verbose.
[INFO] [stderr] warning: build failed, waiting for other jobs to finish...
[INFO] [stdout] error[E0596]: cannot borrow `input` as mutable, as it is not declared as mutable
[INFO] [stdout]   --> src/main.rs:37:32
[INFO] [stdout]    |
[INFO] [stdout] 36 |     let input = String::new();
[INFO] [stdout]    |         ----- help: consider changing this to be mutable: `mut input`
[INFO] [stdout] 37 |     std::io::stdin().read_line(&mut input).unwrap();
[INFO] [stdout]    |                                ^^^^^^^^^^ cannot borrow as mutable
[INFO] [stdout] 
[INFO] [stdout] 
[INFO] [stderr] error: build failed
[INFO] [stdout] error: aborting due to 2 previous errors
[INFO] [stdout] 
[INFO] [stdout] 
[INFO] [stdout] Some errors have detailed explanations: E0004, E0596.
[INFO] [stdout] 
[INFO] [stdout] For more information about an error, try `rustc --explain E0004`.
[INFO] [stdout] 
[INFO] running `Command { std: "docker" "inspect" "dcaf434888185bc49aeb1589e2c8fbbd94d1b40233c8e3b4ef552dcdf4b06fa1", kill_on_drop: false }`
[INFO] running `Command { std: "docker" "rm" "-f" "dcaf434888185bc49aeb1589e2c8fbbd94d1b40233c8e3b4ef552dcdf4b06fa1", kill_on_drop: false }`
[INFO] [stdout] dcaf434888185bc49aeb1589e2c8fbbd94d1b40233c8e3b4ef552dcdf4b06fa1
